f 756?
False
Is 1143 even?
False
Does 2 divide 18078?
True
Does 12 divide 156?
True
Is 23 a factor of 13685?
True
Is 42 a factor of 4278?
False
Does 333 divide 15978?
False
Is 59 a factor of 6146?
False
Does 23 divide 10726?
False
Does 29 divide 610?
False
Is 270 a multiple of 6?
True
Does 7 divide 1624?
True
Is 7 a factor of 1761?
False
Is 58 a factor of 696?
True
Does 93 divide 9021?
True
Is 56 a factor of 6384?
True
Does 5 divide 7975?
True
Is 13 a factor of 15535?
True
Does 33 divide 2607?
True
Is 2872 a multiple of 26?
False
Is 53 even?
False
Is 9 a factor of 1656?
True
Does 14 divide 86940?
True
Is 112 a factor of 11760?
True
Does 16 divide 9862?
False
Is 1271 a multiple of 82?
False
Does 103 divide 10403?
True
Does 5 divide 230?
True
Is 80 even?
True
Is 34 a factor of 420?
False
Is 365 a multiple of 73?
True
Is 50 a factor of 143?
False
Is 27 a factor of 675?
True
Is 7438 a multiple of 23?
False
Is 819 a multiple of 5?
False
Is 32 a factor of 1124?
False
Does 39 divide 379?
False
Is 112 even?
True
Does 9 divide 189?
True
Is 5 a factor of 770?
True
Is 762 a multiple of 5?
False
Is 265 a multiple of 4?
False
Does 11 divide 138?
False
Does 40 divide 680?
True
Is 130 a multiple of 10?
True
Is 4 a factor of 6364?
True
Is 871 a multiple of 67?
True
Is 90 a factor of 10800?
True
Is 5886 a multiple of 9?
True
Is 28 a factor of 280?
True
Is 8098 a multiple of 24?
False
Is 4 a factor of 6724?
True
Is 33 a factor of 11103?
False
Is 131232 a multiple of 8?
True
Does 9 divide 38048?
False
Is 204 a factor of 14102?
False
Does 28 divide 7118?
False
Is 50 a factor of 13300?
True
Is 1363 a multiple of 29?
True
Is 8 a factor of 170?
False
Is 10 a factor of 10339?
False
Is 4957 a multiple of 115?
False
Is 53 a factor of 1580?
False
Does 28 divide 4919?
False
Is 336 a multiple of 8?
True
Is 88 a factor of 9592?
True
Is 672 a multiple of 15?
False
Does 8 divide 2792?
True
Does 41 divide 10004?
True
Is 7514 a multiple of 91?
False
Is 476 a multiple of 6?
False
Does 19 divide 698?
False
Does 138 divide 96738?
True
Is 38 a factor of 2128?
True
Is 10703 a multiple of 139?
True
Does 2 divide 191?
False
Does 151 divide 9031?
False
Does 15 divide 14160?
True
Does 148 divide 12026?
False
Does 6 divide 378?
True
Is 12 a factor of 13445?
False
Is 30 a factor of 1039?
False
Is 272 a multiple of 34?
True
Is 89 a factor of 1325?
False
Is 46 a factor of 782?
True
Is 5739 a multiple of 5?
False
Is 451 a multiple of 23?
False
Does 7 divide 1106?
True
Does 42 divide 3316?
False
Is 9576 a multiple of 42?
True
Does 8 divide 1776?
True
Is 24841 a multiple of 53?
False
Is 30 a factor of 1369?
False
Is 73 a factor of 5300?
False
Does 78 divide 1170?
True
Is 11 a factor of 58965?
False
Is 3138 a multiple of 59?
False
Is 1388 a multiple of 48?
False
Is 75 a factor of 450?
True
Does 18 divide 3834?
True
Does 2 divide 28?
True
Does 24 divide 2318?
False
Is 39 a factor of 5687?
False
Is 3 a factor of 44?
False
Is 10 a factor of 940?
True
Is 1054 a multiple of 3?
False
Is 1365 a multiple of 25?
False
Is 8 a factor of 40?
True
Does 17 divide 204?
True
Does 107 divide 4347?
False
Does 33 divide 1419?
True
Does 19 divide 247?
True
Is 20 a factor of 45?
False
Is 5042 a multiple of 17?
False
Is 29 a factor of 712?
False
Is 40 a factor of 5880?
True
Does 11 divide 334?
False
Is 11 a factor of 310?
False
Is 4836 a multiple of 8?
False
Is 20 a factor of 1273?
False
Does 95 divide 380?
True
Is 293 a multiple of 17?
False
Is 345 a multiple of 15?
True
Is 18 a factor of 1080?
True
Does 14 divide 672?
True
Is 15 a factor of 1482?
False
Is 6 a factor of 635?
False
Is 15 a factor of 645?
True
Does 105 divide 5985?
True
Is 98413 a multiple of 67?
False
Does 66 divide 1220?
False
Is 3801 a multiple of 35?
False
Does 20 divide 1620?
True
Does 7 divide 16877?
True
Is 57 a factor of 1482?
True
Does 91 divide 2639?
True
Does 12 divide 9703?
False
Is 8 a factor of 7098?
False
Is 7 a factor of 6342?
True
Does 12 divide 4382?
False
Does 12 divide 28128?
True
Is 140 a factor of 5880?
True
Is 432 a multiple of 12?
True
Does 301 divide 91203?
True
Is 2021 a multiple of 48?
False
Does 10 divide 5820?
True
Does 47 divide 25829?
False
Is 534 a multiple of 8?
False
Is 131196 a multiple of 52?
True
Does 15 divide 26025?
True
Is 482 a multiple of 19?
False
Is 768 a multiple of 16?
True
Is 1856 a multiple of 7?
False
Does 34 divide 29070?
True
Is 141 a multiple of 24?
False
Does 19 divide 7657?
True
Does 25 divide 21330?
False
Does 104 divide 77272?
True
Is 27970 a multiple of 133?
False
Is 16 a factor of 901?
False
Is 10 a factor of 180?
True
Is 13089 a multiple of 11?
False
Is 14 a factor of 3542?
True
Is 2003 a multiple of 6?
False
Is 2912 a multiple of 7?
True
Is 68 a factor of 13733?
False
Is 648 a multiple of 12?
True
Is 46 a factor of 9714?
False
Is 14 a factor of 4484?
False
Is 18 a factor of 506?
False
Is 543 a multiple of 63?
False
Does 82 divide 1476?
True
Is 1749 a multiple of 11?
True
Does 15 divide 107?
False
Is 2172 a multiple of 10?
False
Does 29 divide 1450?
True
Is 9445 a multiple of 71?
False
Is 575 a multiple of 39?
False
Is 3 a factor of 327?
True
Is 54 a factor of 633?
False
Is 35 a factor of 1872?
False
Is 14 a factor of 20567?
False
Is 41376 a multiple of 24?
True
Is 812 a multiple of 50?
False
Does 38 divide 13566?
True
Does 44 divide 4672?
False
Does 12 divide 5112?
True
Does 16 divide 9552?
True
Is 2142 a multiple of 63?
True
Is 345 a multiple of 21?
False
Is 35 a factor of 2100?
True
Is 40 a factor of 779?
False
Is 20 a factor of 136?
False
Does 14 divide 26874?
False
Is 627 a multiple of 19?
True
Is 44802 a multiple of 21?
False
Is 654 a multiple of 16?
False
Is 13 a factor of 821?
False
Does 66 divide 1242?
False
Is 87 a multiple of 9?
False
Does 10 divide 1278?
False
Is 20767 a multiple of 19?
True
Is 7757 a multiple of 71?
False
Does 23 divide 14030?
True
Is 728 a multiple of 14?
True
Is 10 a factor of 1240?
True
Is 598 a multiple of 13?
True
Is 6006 a multiple of 21?
True
Is 9 a factor of 656?
False
Does 23 divide 998?
False
Is 92 a factor of 92?
True
Is 21 a factor of 17577?
True
Is 125 a multiple of 125?
True
Does 22 divide 220?
True
Is 93 a factor of 3418?
False
Is 12 a factor of 840?
True
Is 110 a multiple of 14?
False
Is 2 a factor of 7079?
False
Is 3614 a multiple of 26?
True
Is 104 a factor of 23296?
True
Does 52 divide 1768?
True
Does 18 divide 128574?
True
Is 4 a factor of 48?
True
Does 98 divide 25980?
False
Is 8215 a multiple of 26?
False
Is 10 a factor of 833?
False
Is 45 a factor of 180?
True
Is 140 a factor of 2100?
True
Does 30 divide 2835?
False
Is 778 even?
True
Is 7874 a multiple of 41?
False
Does 26 divide 494?
True
Is 1145 a multiple of 14?
False
Is 47 a factor of 20989?
False
Does 37 divide 1434?
False
Is 106 a factor of 43149?
False
Does 56 divide 4695?
False
Is 5322 a multiple of 75?
False
Does 4 divide 2320?
True
Is 29475 a multiple of 9?
True
Is 270 a multiple of 14?
False
Is 5 a factor of 3155?
True
Is 1246 a multiple of 14?
True
Is 37 a factor of 592?
True
Is 5135 a multiple of 64?
False
Does 250 divide 109211?
False
Does 30 divide 4470?
True
Is 444 a multiple of 111?
True
Is 4422 a multiple of 33?
True
Does 21 divide 336?
True
Is 48762 a multiple of 27?
True
Is 79 a factor of 20382?
True
Does 12 divide 425?
False
Is 32 a factor of 35979?
False
Is 132 a factor of 6761?
False
Is 4 a factor of 971?
False
Is 1729 a multiple of 91?
True
Is 46 a factor of 1344?
False
Is 1734 a multiple of 25?
False
Is 23 a factor of 575?
True
Is 7 a factor of 1050?
True
Does 316 divide 36340?
True
Does 57 divide 1782?
False
Does 6 divide 780?
True
Is 24 a factor of 1040?
False
Is 5 a factor of 195?
True
Does 25 divide 1427?
False
Is 12 a factor of 2291?
False
Does 155 divide 14880?
True
Is 266 a multiple of 3?
False
Does 96 divide 55680?
True
Is 264 a multiple of 44?
True
Is 16863 a multiple of 73?
True
Is 113 a factor of 2401?
False
Is 11 a factor of 16720?
True
Does 16 divide 435?
False
Is 33 a factor of 4106?
False
Is 70857 a multiple of 24?
False
Does 13 divide 1060?
False
Is 7 a factor of 56?
True
Does 59 divide 1204?
False
Is 804 a multiple of 6?
True
Is 638 a multiple of 22?
True
Is 80 a multiple of 9?
False
Does 31 divide 721?
False
Does 73 divide 1606?
True
Is 4433 